 1026?
0
What is the hundreds digit of 110228?
2
What is the tens digit of 3668?
6
What is the units digit of 13062?
2
What is the thousands digit of 1912?
1
What is the tens digit of 54054?
5
What is the ten thousands digit of 15596?
1
What is the tens digit of 421?
2
What is the thousands digit of 13507?
3
What is the hundreds digit of 3920?
9
What is the units digit of 689?
9
What is the hundreds digit of 2296?
2
What is the tens digit of 32857?
5
What is the thousands digit of 1729?
1
What is the units digit of 935?
5
What is the tens digit of 14693?
9
What is the units digit of 30243?
3
What is the hundreds digit of 679?
6
What is the thousands digit of 5189?
5
What is the hundreds digit of 4813?
8
What is the hundreds digit of 63027?
0
What is the tens digit of 2215?
1
What is the tens digit of 1729?
2
What is the units digit of 3992?
2
What is the tens digit of 2279?
7
What is the tens digit of 1026?
2
What is the thousands digit of 1825?
1
What is the tens digit of 4745?
4
What is the units digit of 1866?
6
What is the tens digit of 3146?
4
What is the units digit of 3856?
6
What is the units digit of 7061?
1
What is the thousands digit of 2461?
2
What is the hundreds digit of 5549?
5
What is the ten thousands digit of 45699?
4
What is the thousands digit of 2191?
2
What is the units digit of 239?
9
What is the units digit of 31?
1
What is the tens digit of 74683?
8
What is the thousands digit of 5407?
5
What is the ten thousands digit of 57006?
5
What is the thousands digit of 46014?
6
What is the tens digit of 9057?
5
What is the hundreds digit of 256?
2
What is the hundred thousands digit of 100586?
1
What is the hundreds digit of 558?
5
What is the units digit of 66592?
2
What is the hundreds digit of 158260?
2
What is the hundred thousands digit of 111183?
1
What is the thousands digit of 15958?
5
What is the units digit of 15339?
9
What is the hundreds digit of 9750?
7
What is the thousands digit of 1797?
1
What is the units digit of 17804?
4
What is the units digit of 68243?
3
What is the ten thousands digit of 26227?
2
What is the tens digit of 3037?
3
What is the hundreds digit of 17272?
2
What is the hundreds digit of 1965?
9
What is the tens digit of 1715?
1
What is the tens digit of 42509?
0
What is the hundreds digit of 11521?
5
What is the hundreds digit of 2475?
4
What is the hundreds digit of 41522?
5
What is the ten thousands digit of 41204?
4
What is the thousands digit of 92332?
2
What is the tens digit of 7248?
4
What is the ten thousands digit of 26318?
2
What is the hundreds digit of 13080?
0
What is the thousands digit of 10681?
0
What is the tens digit of 423?
2
What is the tens digit of 280?
8
What is the units digit of 1402?
2
What is the tens digit of 8630?
3
What is the tens digit of 686?
8
What is the units digit of 3390?
0
What is the ten thousands digit of 13108?
1
What is the units digit of 3997?
7
What is the units digit of 4478?
8
What is the tens digit of 3613?
1
What is the tens digit of 35751?
5
What is the ten thousands digit of 20382?
2
What is the tens digit of 12799?
9
What is the ten thousands digit of 144210?
4
What is the units digit of 100197?
7
What is the ten thousands digit of 13438?
1
What is the units digit of 61514?
4
What is the hundreds digit of 36271?
2
What is the units digit of 23515?
5
What is the units digit of 8169?
9
What is the tens digit of 901?
0
What is the ten thousands digit of 47854?
4
What is the units digit of 3482?
2
What is the units digit of 124?
4
What is the hundreds digit of 111085?
0
What is the units digit of 531?
1
What is the units digit of 8923?
3
What is the tens digit of 12612?
1
What is the hundred thousands digit of 144323?
1
What is the tens digit of 66237?
3
What is the tens digit of 1695?
9
What is the tens digit of 1001?
0
What is the hundreds digit of 69662?
6
What is the hundreds digit of 500?
5
What is the units digit of 1930?
0
What is the tens digit of 11852?
5
What is the thousands digit of 6292?
6
What is the hundreds digit of 12218?
2
What is the hundreds digit of 411?
4
What is the ten thousands digit of 101133?
0
What is the ten thousands digit of 79287?
7
What is the tens digit of 2471?
7
What is the thousands digit of 2299?
2
What is the tens digit of 1567?
6
What is the units digit of 3627?
7
What is the units digit of 18904?
4
What is the hundreds digit of 2636?
6
What is the tens digit of 68994?
9
What is the units digit of 558?
8
What is the tens digit of 2032?
3
What is the hundreds digit of 140?
1
What is the ten thousands digit of 28582?
2
What is the hundred thousands digit of 139286?
1
What is the hundreds digit of 32929?
9
What is the hundreds digit of 991?
9
What is the tens digit of 6432?
3
What is the hundreds digit of 15410?
4
What is the hundreds digit of 5902?
9
What is the ten thousands digit of 144000?
4
What is the thousands digit of 186973?
6
What is the thousands digit of 77461?
7
What is the hundreds digit of 815?
8
What is the tens digit of 1143?
4
What is the tens digit of 28018?
1
What is the hundreds digit of 34301?
3
What is the hundreds digit of 1593?
5
What is the units digit of 25861?
1
What is the thousands digit of 2380?
2
What is the tens digit of 240?
4
What is the units digit of 1772?
2
What is the hundreds digit of 737?
7
What is the ten thousands digit of 155334?
5
What is the units digit of 1596?
6
What is the units digit of 850?
0
What is the tens digit of 951?
5
What is the units digit of 3206?
6
What is the tens digit of 15228?
2
What is the thousands digit of 136824?
6
What is the units digit of 661?
1
What is the hundreds digit of 71671?
6
What is the units digit of 10142?
2
What is the ten thousands digit of 62936?
6
What is the units digit of 1488?
8
What is the tens digit of 2378?
7
What is the hundreds digit of 10269?
2
What is the tens digit of 1174?
7
What is the tens digit of 71?
7
What is the hundreds digit of 11399?
3
What is the tens digit of 1505?
0
What is the hundreds digit of 38862?
8
What is the tens digit of 6732?
3
What is the units digit of 837?
7
What is the units digit of 7800?
0
What is the hundreds digit of 4564?
5
What is the hundreds digit of 427?
4
What is the hundreds digit of 2374?
3
What is the hundreds digit of 3500?
5
What is the hundreds digit of 439?
4
What is the hundreds digit of 4692?
6
What is the hundreds digit of 1559?
5
What is the units digit of 17515?
5
What is the ten thousands digit of 121690?
2
What is the units digit of 760?
0
What is the thousands digit of 20340?
0
What is the units digit of 292?
2
What is the units digit of 106848?
8
What is the units digit of 8351?
1
What is the units digit of 769?
9
What is the hundreds digit of 63295?
2
What is the units digit of 1269?
9
What is the units digit of 16045?
5
What is the tens digit of 4860?
6
What is the thousands digit of 107364?
7
What is the units digit of 3518?
8
What is the hundreds digit of 37052?
0
What is the hundreds digit of 1109?
1
What is the hundreds digit of 3776?
7
What is the tens digit of 898?
9
What is the hundreds digit of 45525?
5
What is the thousands digit of 3216?
3
What is the tens digit of 2584?
8
What is the units digit of 2152?
2
What is the tens digit of 3478?
7
What is the tens digit of 4010?
1
What is the units digit of 2605?
5
What is the units digit of 2161?
1
What is the ten thousands digit of 77597?
7
What is the hundreds digit of 1613?
6
What is the tens digit of 1697?
9
What is the hundreds digit of 14791?
7
What is the thousands digit of 194105?
4
What is the thousands digit of 58914?
8
What is the thousands digit of 5949?
5
What is the units digit of 3461?
1
What is the ten thousands digit of 22288?
2
What is the units digit of 117456?
6
What is the thousands digit of 89825?
9
What is the units digit of 2067?
7
What is the hundreds digit of 21494?
4
What is the units digit of 264?
4
What is the hundreds digit of 835?
8
What is the hundreds digit of 24436?
4
What is the ten thousands digit of 94935?
9
What is the tens digit of 1899?
9
What is the units digit of 12378?
8
What is the tens digit of 2110?
1
What is the hundreds digit of 1535?
5
What is the units digit of 1136?
6
What is the units digit of 22619?
9
What is the thousands digit of 1298?
1
What is t